24503
In base 10, what is -12940 - -4490?
-8450
In base 12, what is 2a505 + -b9?
2a408
In base 2, what is 1011100111111001111 + 1101011?
1011101000000111010
In base 4, what is -202330300 - -1011?
-202323223
In base 11, what is -aa469a - -628?
-aa4072
In base 12, what is -25 - 37127?
-37150
In base 3, what is -10 - 110211122122021?
-110211122122101
In base 10, what is 507078 - 180?
506898
In base 7, what is -2410555061 - 1?
-2410555062
In base 8, what is -16321 + 5245?
-11054
In base 9, what is 20 + -128634332?
-128634312
In base 5, what is -1040 - -1122424?
1121334
In base 10, what is 3 - 2156203?
-2156200
In base 16, what is c - 281f6e?
-281f62
In base 3, what is -1010121 - 1212001?
-2222122
In base 9, what is 0 - -6366744?
6366744
In base 9, what is 3 + 257267358?
257267362
In base 15, what is -2 + 5b214e4?
5b214e2
In base 4, what is 3012 + -1001022112?
-1001013100
In base 2, what is -1010000101110001100111 + -111?
-1010000101110001101110
In base 9, what is -668 + -24176?
-24855
In base 9, what is -56 - 68756?
-68823
In base 7, what is 5044 - 201463?
-163416
In base 7, what is 0 + 101160160?
101160160
In base 4, what is -32331221201 - 211?
-32331222012
In base 12, what is 408 + -725a1?
-72195
In base 16, what is -6ffe1f - 2?
-6ffe21
In base 9, what is 67602568 + 0?
67602568
In base 8, what is -12 + 274117576?
274117564
In base 6, what is 4 + 420545554?
420550002
In base 3, what is 200221110202121 - -12?
200221110202210
In base 3, what is -2020121200222 - 2?
-2020121201001
In base 16, what is 3950 - b9?
3897
In base 3, what is 0 - -2201121121?
2201121121
In base 15, what is -27 - 1225?
-124c
In base 14, what is 0 - -701b85?
701b85
In base 6, what is -5443040 + -20?
-5443100
In base 4, what is 31302322 + 2331?
31311313
In base 11, what is -459 - 98a55?
-99403
In base 10, what is 7 - -8753735?
8753742
In base 6, what is -1215 - 14101130?
-14102345
In base 3, what is 12110002 + -1021222022?
-1002112020
In base 16, what is -a59 + -1edc?
-2935
In base 12, what is 19 + 10a7986?
10a79a3
In base 11, what is -2 - 89a1797?
-89a1799
In base 6, what is 10150345253 + 4?
10150345301
In base 2, what is 111001110001000001010001101 - 0?
111001110001000001010001101
In base 4, what is -1330031 - 103011?
-2033102
In base 10, what is -2 + 51395?
51393
In base 10, what is 159723 + 6521?
166244
In base 12, what is -267101b8 + -5?
-26710201
In base 11, what is 633227 + -79?
633159
In base 5, what is 23 + -44323324?
-44323301
In base 14, what is 7440d3 + 4?
7440d7
In base 15, what is 2bad00a - -3?
2bad00d
In base 3, what is -1000120020100 - 110110?
-1000120200210
In base 13, what is 2 + -acca166?
-acca164
In base 15, what is 1e - 39b0a?
-39adb
In base 12, what is -21a2480 - 7?
-21a2487
In base 8, what is 3 - 74000417?
-74000414
In base 6, what is -133321533 + 4?
-133321525
In base 8, what is -320353535 + -5?
-320353542
In base 10, what is 11587612 - 25?
11587587
In base 2, what is -1101 + 1111100010101110001001?
1111100010101101111100
In base 8, what is 1 - -15732124?
15732125
In base 12, what is -18b06a34 - -5?
-18b06a2b
In base 10, what is 4 - -10603960?
10603964
In base 2, what is 1011 - -100100101110010001000101?
100100101110010001010000
In base 8, what is 110252331 - 1?
110252330
In base 7, what is 1665614365 - -4?
1665614402
In base 6, what is 3010312 - -25?
3010341
In base 12, what is 13595899 - -5?
135958a2
In base 3, what is 0 + -2122110010110?
-2122110010110
In base 15, what is -c7 - 15202?
-152c9
In base 3, what is -101 + 121202?
121101
In base 2, what is 10001110011 + 1101010000010?
1111011110101
In base 13, what is -4541 - -c5ab?
806a
In base 7, what is 2136434510 + -1?
2136434506
In base 6, what is 542021 - -304041?
1250102
In base 4, what is -202001 + 112331131?
112123130
In base 5, what is -23142311 - 143?
-23143004
In base 13, what is -5cb47c9a - -3?
-5cb47c97
In base 11, what is 58529425 - -4?
58529429
In base 15, what is -2 + -95294d?
-952950
In base 12, what is 0 + -93861b6?
-93861b6
In base 16, what is 9d7cd - -2f?
9d7fc
In base 9, what is 8714 + 4210?
14024
In base 4, what is 1303121111 + 30?
1303121201
In base 6, what is 1102402111 - -2?
1102402113
In base 15, what is 160 - -1c77b?
1c8db
In base 2, what is -10111011011111000110010111000 - 11?
-10111011011111000110010111011
In base 9, what is 1 - 252504712?
-252504711
In base 8, what is -11 + -164606254?
-164606265
In base 10, what is -1646 - 5436?
-7082
In base 3, what is -10001120 - -20221212021?
20211210201
In base 4, what is -211100 + -203321111?
-210132211
In base 8, what is -7 + 26773556?
26773547
In base 4, what is -3 + -2201332232233?
-2201332232302
In base 13, what is 4450358 + -3?
4450355
In base 8, what is 116615223 + 2?
116615225
In base 13, what is 28b5409 - 1?
28b5408
In base 16, what is -bbc4f + -152?
-bbda1
In base 2, what is -10001111111100 - -10000010000?
-1111111101100
In base 4, what is -321101211213 + -1?
-321101211220
In base 16, what is -a1e77 + 0?
-a1e77
In base 11, what is 14506865 + 1?
14506866
In base 2, what is 101 + -11000100111010101001111111?
-11000100111010101001111010
In base 9, what is 1 + -4520565?
-4520564
In base 10, what is 15239100 - -4?
15239104
In base 10, what is 8722417 + 4?
8722421
In base 12, what is -89a06 + -8?
-89a12
In base 12, what is -1bb + -310b6?
-312b5
In base 4, what is -3 - -10111202103230?
10111202103221
In base 12, what is 8229a141 + 1?
8229a142
In base 6, what is 1445 + -3425552?
-3424103
In base 8, what is 1642 + 6521?
10363
In base 5, what is -1034 + 342101442?
342100403
In base 12, what is -aa43 - -50?
-a9b3
In base 2, what is 1001110100101011101100000111 + -101?
1001110100101011101100000010
In base 3, what is 10 + -1102210122122022?
-1102210122122012
In base 13, what is 28 - -88c99?
88cc4
In base 4, what is 131120 - 103221?
21233
In base 5, what is -3 + -102233222224?
-102233222232
In base 2, what is -1001111110 - -11110011010001?
11101001010011
In base 16, what is -9 + 480654?
48064b
In base 4, what is 31333032022 + -1130?
31333030232
In base 13, what is 1c0834 - 153?
1c06b1
In base 3, what is 10211122121 + -10001211?
10201120210
In base 2, what is -11101111010101000011101111 - 0?
-11101111010101000011101111
In base 2, what is -111 + 101111111001101011101011?
101111111001101011100100
In base 8, what is 2 - 202373760?
-202373756
In base 12, what is 1356815 - -4?
1356819
In base 8, what is -24602 - 44751?
-71553
In base 10, what is -51 - -24662?
24611
In base 6, what is 2145415 + 500?
2150315
In base 3, what is 111 + 2200202212?
2200210100
In base 14, what is 2836590 - 1c?
2836572
In base 2, what is 1111000000 + 1011100011?
11010100011
In base 16, what is 2957f7c + -6?
2957f76
In base 12, what is 146a02759 - 3?
146a02756
In base 6, what is 230525324 + -3?
230525321
In base 13, what is -4550 + -a8?
-4628
In base 3, what is -11 + 22011221100010?
22011221022222
In base 13, what is -17baa362 - -3?
-17baa35c
In base 13, what is cac77a7 - -4?
cac77ab
In base 14, what is 16 + a96d7?
a970d
In base 3, what is 11 - -220021021010?
220021021021
In base 15, what is 0 - -37028d?
37028d
In base 2, what is -10101110 - 1011100000011101010?
-1011100000110011000
In base 6, what is 4555 + 145350?
154345
In base 14, what is 4 + 105a724?
105a728
In base 8, what is 3 - -10435325?
10435330
In base 9, what is 1080346 + -182?
1080154
In base 9, what is -5180 + 108381?
103201
In base 6, what is -1 - -2415105501?
2415105500
In base 8, what is 3 + -3540656?
-3540653
In base 10, what is 29762537 - 2?
29762535
In base 4, what is -2001 + 13112131?
13110130
In base 11, what is -234 + -7987?
-8110
In base 4, what is -2101100 + -22022301?
-30130001
In base 3, what is 12002110120012 + -200?
12002110112112
In base 13, what is 0 + -518c5288?
-518c5288
In base 13, what is -b - 4b21bc7?
-4b21c05
In base 7, what is 5 - 33361603?
-33361565
In base 12, what is -3 + 198182?
19817b
In base 14, what is 1 + -271255?
-271254
In base 5, what is -40330 - 3141414?
-3232244
In base 2, what is 1100010100110111100 + 1001000101?
1100010110000000001
In base 5, what is 221 + 102104423?
102110144
In base 12, what is 5 - 19574557?
-19574552
In base 6, what is 440122031340 + -2?
440122031334
In base 9, what is 14455856 - -6?
14455863
In base 16, what is -2b8c - -1c81?
-f0b
In base 14, wha